e o(-21).
6
Suppose -j - 5 = -0*y - 2*y, -j = 1. Let x(r) = -r - 3*r + y - 85*r**2 + 86*r**2 - 2*r. Give x(5).
-3
Let x(u) = -34*u**3 + 11*u**3 + 23*u**3 - 29 + 23*u + u**3 + 39 + 13*u**2. Suppose 35 = -2*l + 13. Give x(l).
-1
Let t(c) = -33*c + 28. Let o(h) = 50*h - 2596. Let v be o(52). Calculate t(v).
-104
Let l(w) = 2*w + 22. Suppose 4 = -202*h + 204*h. Suppose -5*r + r + 14 = -2*t, -r = h*t + 34. What is l(t)?
-8
Let c(b) = b**3 - 4*b**2 - 8. Suppose -2*r - 7 = 3*l - 10, 5*r - 33 = l. Calculate c(r).
64
Let f = -4 + -1. Let z(u) = 141 - 75 - u - 71. Let p(q) = -3*q - 11. Let y(t) = -2*p(t) + 5*z(t). Calculate y(f).
-8
Let k(x) = -27*x**2 + 54*x - 79. Let l(i) be the second derivative of -5*i**4/12 + 11*i**3/6 - 8*i**2 + 3*i - 6. Let q(a) = 2*k(a) - 11*l(a). Calculate q(12).
6
Suppose 24*d + 20630 - 20352 = 163*d. Let o(n) be the third derivative of -n**6/60 + n**4/12 - n**3/6 + n**2. Determine o(d).
-13
Let y(n) = n**3 - 15*n**2 + 25*n + 16. Let z be y(13). Let m(s) = -s + z*s + 1 + 3*s - s. Determine m(1).
5
Let q = 161 - 159. Let d(g) = -3*g + 6 - g - g**q + 0*g**2. Determine d(-7).
-15
Let r(p) be the first derivative of -1/2*p**2 + 0*p - p**3 + 54. Give r(1).
-4
Let z(d) = 13*d + d**2 + 516789 - 516798 + 2*d. Calculate z(6).
117
Let v(k) = 5*k - 123. Suppose 247*t = -93*t - 178*t + 10360. What is v(t)?
-23
Let q be 28/168*14/28. Let n(d) be the second derivative of -d**2 + 0 + q*d**4 - 5/6*d**3 - 39*d. Calculate n(6).
4
Let w(z) = -1 - 239689*z + 239685*z + 3*z**2 + 7 + z**3. Determine w(-4).
6
Let m = 3 + -5. Let i(c) = 3*c**2 + 265 + 2*c**3 + 2506 + 4*c - 2768. Calculate i(m).
-9
Let j(w) = 346 - 346 + 2*w**2 - 2*w**3 + 5*w**2 + 3*w**3. Suppose -3*u - 4 = -u. Let s be (-14 - 0)*(-1)/u. What is j(s)?
0
Suppose 48*z - 23*z = 75. Let c(h) = -z*h - 3*h + 4*h + 74 + h - 62. Give c(11).
1
Let x(f) be the third derivative of 5/6*f**3 - 7/60*f**5 - 1/120*f**6 + 3/8*f**4 + 0*f + 167*f**2 + 0. Calculate x(-8).
-3
Let h = -281 - -283. Let a(r) = 44 + r**h + 0*r**2 - 45 - 5*r - 10*r + 6*r. Calculate a(10).
9
Let x(h) = -2*h**3 + 47*h**2 + 37*h - 311. Let u be x(24). Let w(n) be the first derivative of -1/3*n**3 - 1/2*n**2 + 3/4*n**4 + u - n. Calculate w(-1).
-4
Let b(a) = -8*a + 103 + 168 - 228. Determine b(5).
3
Let s(m) be the third derivative of -m**5/60 - 29*m**4/24 + 15*m**3/2 + 729*m**2. Calculate s(-30).
15
Let m(z) = -z**3 - 2*z**2 - 3*z + 3. Suppose -3*n + 3*k - 18 = 0, -2*k + 0 = n - 6. Let i be 10 - 4*1/(n + 6). Suppose -q - 2*q = i. Give m(q).
21
Let y(p) = -p**2 - 8*p - 15. Let a = -470 + 467. Let u be y(a). Let z(i) = i**2 - i + 9. Give z(u).
9
Let d(n) be the first derivative of n**3/3 + 11*n**2/2 + 3555. Give d(0).
0
Let a(z) = z - 14. Let i = 266 + -268. Let p be (i + 7)/((-34)/(-24) - 1). Give a(p).
-2
Suppose -20 = 3*l - m, m + 12 - 2 = -3*l. Let v(t) = 2*t**2 + 4*t - 3. Let g(p) = -2*p**2 - 7*p + 2. Let k(i) = l*v(i) - 4*g(i). Determine k(4).
7
Suppose 2*f + 2 = -2*p, 25*f - 8 = 2*p + 29*f. Let b(z) = 49*z**3 + 3*z**2 - 48*z**3 + 10*z**p - 6*z**2 - 11*z + z - 3. Calculate b(-8).
13
Let c(k) = -k**2 + 4*k + 11. Let o be c(6). Let l(m) be the third derivative of 0 - 10*m**2 - 1/4*m**4 + 0*m + 1/6*m**3. What is l(o)?
7
Let s(o) = -o**3 - 2*o**2 + 87. Let v be s(0). Suppose 12*u = -v - 33. Let a = -6 - u. Let t(w) = -w + 8. Give t(a).
4
Suppose -3*z - 10 + 4 = 0. Let y(n) be the third derivative of n**5/15 + n**4/24 + 8*n**3/3 + 18*n**2. Let k(r) be the first derivative of y(r). Determine k(z).
-15
Let b(n) = n**2 + 2*n - 5. Suppose -10 = -2*u, -5*k + u - 6*u + 235 = 0. Let y be (4/(-32) - 35/(-24))*k. Let o = y + -60. Calculate b(o).
3
Suppose 0 = -a + 2*s - 16, -2590*s = -a - 2594*s + 38. Let z(g) be the second derivative of 3/2*g**a - 7*g + 1/6*g**4 + 1 + 0*g**3. What is z(3)?
21
Suppose 15*g - 11 - 19 = 0. Suppose 0 = -5*m + 3*n, -m - g*m - 4*n = -29. Let b(v) = 4*v - 3. Let z(c) = 13*c - 9. Let p(w) = -7*b(w) + 2*z(w). Give p(m).
-3
Let g(p) be the second derivative of p**5/120 + p**4/12 - 9*p**3/2 - 8*p - 2. Let w(i) be the second derivative of g(i). Determine w(11).
13
Let r(o) = o**3 - 27*o**2 - 24*o - 81. Let x be (24 + 16 - 22/2) + -1. What is r(x)?
31
Let g(b) = 29*b - 18. Let l = -4806 + 4807. Determine g(l).
11
Let b(r) = -r**3 + 2*r**2 - r - 11. Let n(j) = 2*j**3 - 3*j**2 + j + 23. Let g(w) = 13*b(w) + 6*n(w). Let p = 333 - 326. What is g(p)?
-5
Let o(f) = f**3 + 5*f**2 + f - 1. Let m(p) = -7*p**3 - 18*p**2 + 15*p - 16. Let w(x) = m(x) + 6*o(x). Determine w(13).
82
Let o(q) = -4*q + 5*q**2 - 3 + 1450*q**3 - 2897*q**3 + 1448*q**3 + 2*q. Calculate o(3).
63
Let q(j) = -3*j + 41. Let n = 49 - 36. Let x be q(n). Let h(u) = -2 + 2 - u**x + 3. Give h(-3).
-6
Let r(m) = -3*m + 13. Let l be r(4). Let k be 0 + l - (-24 + 22). Let w(g) = 6*g + 5 + 0 - 3*g + k. Give w(-6).
-10
Suppose -9*v = -35*v + 702. Let a(d) = 8*d - 218. Let o be a(v). Let x(c) = 3*c**2 - 3*c - 1. What is x(o)?
17
Suppose 628*n - 8 = 610*n - 62. Let s(t) = -19*t + 2. What is s(n)?
59
Let v(k) = 7*k - 88. Suppose 5*n - 54 = t, 91*t - 3 = 88*t. Calculate v(n).
-11
Suppose 8 = -0*z + 8*z. Let a(l) = 3*l**2 + 1 - 6*l**2 - 2*l**3 - 2*l**2 - l + 6*l**2. What is a(z)?
-1
Let r(p) = 7*p**2 + 219*p**3 + 205 - 218*p**3 - 5*p - 195. Let j = 56 - 64. Calculate r(j).
-14
Let k(r) = -r**3 - 120*r**2 + 94*r - 3265. Let p be k(-121). Let t(f) = 8*f**3 + 3*f + 3. Calculate t(p).
73
Suppose -8*f - 5*f - 12*f = -100. Let a(n) = -2*n**2 - 6*n + 4. What is a(f)?
-52
Suppose 5*f - 7*f = 5*l + 20, l + 12 = -2*f. Let i(c) = -3*c + 7 - 9 - 7*c. What is i(l)?
18
Let t(r) = -8*r**3 - r. Let f(c) = 9*c**2 - 4*c - 13. Let o be f(-3). Let w be 1*(-26)/(-22) + o/(-440). Calculate t(w).
-9
Suppose 8*m + 3*m = -2*m. Suppose -4*p - 3*n - 14 = m, n - 5*n = -3*p + 2. Let q(x) be the third derivative of x**4/8 - x**2. Determine q(p).
-6
Let r(j) be the second derivative of j**3/6 - j**2 + 9*j + 220. What is r(5)?
3
Let c(s) be the second derivative of -s**3/6 - 3*s**2 - 147*s. Let w = -28 + 28. Suppose w = 10*d - 7*d + 24. What is c(d)?
2
Let p(f) = f**3 + f**2 - 7*f. Let m be p(-3). Let g(l) = -l + 7*l + 5*l - 3 - l**m - 3*l**2 - 9*l. Determine g(-4).
5
Let i(s) be the first derivative of s**5/20 + s**4/4 - s**3/3 + 261*s - 12. Let o(n) be the first derivative of i(n). Let x be 2/(-6) + (-5)/3. Give o(x).
8
Let u(z) be the second derivative of -z**4/12 - 7*z**3/6 - z**2/2 - 3841*z. Calculate u(-6).
5
Let h = 112 - 123. Let g(b) = -b - 17. Let m(k) = 1. Let d(a) = -g(a) - 5*m(a). Determine d(h).
1
Let p = -511 + 513. Suppose 1 = -2*q + 3*s - 5, 16 = -p*q - 2*s. Let u(v) = 4*v - v + 7 - 4*v. Give u(q).
13
Let x(c) = 14*c**2 + 7*c - 9. Let u(j) = 5*j**2 + 2*j - 3. Let r(l) = 17*u(l) - 6*x(l). Suppose -k = -11*k + 70. What is r(k)?
-4
Let j(z) = z**3 - 4*z**2 - 5*z + 5. Suppose -5*r = -14 - 6. Let c be (1 + (-20)/12)/(r/(-18)). Suppose -l = c*l - 12, 3*b - 5*l = 0. Calculate j(b).
5
Let q be 528/(5 - -3) - (2 + 1). Suppose 3 = -11*h - q. Let g(l) = -l**2 - 7*l - 9. Give g(h).
-3
Let m(q) = 48*q - 101. Let h(u) = -54*u + 105. Let d(p) = 5*h(p) + 6*m(p). Determine d(5).
9
Suppose 0 = -m - 8 + 8. Suppose m = -3*g + u - 5, -5*u + 25 = -0*g + 2*g. Let p(j) = 5*j + 1. Let i(b) = -b + 1. Let o(d) = 4*i(d) + p(d). Determine o(g).
5
Let a be 1*((-1 - 1) + 3). Let l(n) = 55*n - 15*n - n - 19*n - 1. Determine l(a).
19
Let q(v) = -2*v - 84*v**3 + 44*v**3 - 3 + 41*v**3 + v**2 + v. Let s be q(0). Let x(w) = w**2 + 6*w. Calculate x(s).
-9
Let r(v) be the first derivative of -2*v**2 - 33*v - 2654. What is r(-24)?
63
Let z(y) be the first derivative of -3*y**2/2 + 34*y + 20. Let n be z(11). Suppose -11 = -4*g + n. Let r(h) = 3*h**2 - 3*h - 2. Calculate r(g).
16
Let b(z) = z**3 - 10*z**2 - 10*z - 9. Let s = -21 + -80. Suppose -5*f - 355 - 245 = -150. Let l = f - s. What is b(l)?
2
Let m(b) = 4*b + 10. Let r be (200/10 + -18)*(1 - 5). Calculate m(r).
-22
Let a(m) = -m - 7. Let g(y) = -2*y - 7. Let i(q) = 3*a(q) - 2*g(q). Suppose -33*s = -0*s - 165. Suppose -4*b + 4*w = -28, -9 = 5*b + s*w - 34. Determine i(b).
-1
Let a(n) = n - 4. Suppose -5*b - 3*i + 0 = -7, -2*i = -5*b + 12. Let t be -7*b*(-11)/14. Calculate a(t).
7
Let h(n) = -19*n**2 - 109*n - 23. Let c(g) = 21*g**2 + 124*g + 24. Let b(f) = -11*c(f) - 12